atest common divisor of 6350 and 1280310.
10
Calculate the greatest common factor of 14357535 and 15.
15
What is the greatest common factor of 93 and 43673606?
31
What is the greatest common factor of 153 and 14402565?
9
Calculate the greatest common divisor of 426716 and 608723.
107
What is the greatest common divisor of 3609750 and 9000?
750
What is the greatest common divisor of 1828040 and 90?
10
Calculate the greatest common factor of 4423103 and 1843.
97
Calculate the greatest common factor of 44 and 10235401.
11
What is the greatest common factor of 50827968 and 199712?
2528
Calculate the greatest common factor of 902602588 and 346.
346
Calculate the highest common divisor of 34236 and 417172.
1268
Calculate the highest common factor of 16453413 and 755.
151
Calculate the greatest common factor of 5472 and 776701.
19
Calculate the greatest common factor of 343 and 61605404.
7
What is the highest common divisor of 24321 and 1667697?
201
Calculate the greatest common divisor of 1067 and 1033.
1
What is the highest common divisor of 1352074929 and 129?
129
Calculate the greatest common factor of 18 and 48467547.
9
Calculate the highest common factor of 3940 and 241540.
20
What is the greatest common factor of 1888 and 581268?
236
Calculate the highest common factor of 23464710 and 45.
45
Calculate the highest common factor of 733152807 and 414.
207
Calculate the highest common divisor of 85842 and 269496.
342
What is the greatest common divisor of 126 and 1310040?
18
Calculate the highest common factor of 633188 and 40592.
236
What is the highest common divisor of 9716 and 200305?
7
What is the greatest common factor of 46517 and 1751969?
257
What is the highest common factor of 2945 and 17991935?
155
What is the highest common divisor of 23973 and 30785?
131
Calculate the greatest common divisor of 14171 and 1004992.
383
What is the highest common factor of 70805876 and 188?
188
Calculate the greatest common factor of 298 and 16047002.
298
Calculate the greatest common factor of 7794877 and 2174.
1087
What is the highest common factor of 8920093 and 1456?
91
Calculate the greatest common divisor of 22128 and 166200.
24
What is the greatest common factor of 2542 and 146944123?
1271
Calculate the greatest common factor of 30847 and 13584.
283
Calculate the greatest common factor of 30703672 and 2104.
2104
Calculate the greatest common divisor of 10180 and 2500.
20
What is the greatest common factor of 14909299 and 1507?
137
What is the highest common factor of 774013 and 188529?
197
Calculate the greatest common factor of 2820 and 7331530.
470
What is the greatest common divisor of 97 and 62107?
1
Calculate the greatest common divisor of 45556845 and 6702.
3351
What is the highest common divisor of 13547338 and 28?
14
What is the greatest common factor of 177666206 and 2866?
2866
Calculate the greatest common divisor of 1147544 and 488.
8
What is the greatest common factor of 754 and 588562?
26
What is the greatest common factor of 3933 and 1119157?
437
Calculate the highest common divisor of 4401 and 152108829.
1467
Calculate the highest common factor of 6855858 and 54.
18
Calculate the highest common divisor of 1754465 and 11605.
1055
Calculate the highest common divisor of 4217740 and 23161.
1219
What is the greatest common divisor of 5357 and 3632244209?
5357
Calculate the greatest common divisor of 562111 and 504023.
137
Calculate the highest common factor of 41800144 and 15296.
3824
What is the highest common factor of 1635 and 38355?
15
Calculate the greatest common divisor of 1170 and 1071288.
18
What is the highest common divisor of 15248 and 837392?
16
What is the greatest common factor of 2000 and 326098000?
2000
What is the highest common factor of 370 and 24774?
2
Calculate the greatest common divisor of 621790458 and 30.
6
What is the greatest common divisor of 639 and 641698?
71
What is the greatest common divisor of 55965016 and 58867?
1591
Calculate the highest common divisor of 176852 and 3496.
76
Calculate the greatest common divisor of 110946 and 28358.
22
What is the greatest common factor of 10624830 and 10?
10
Calculate the greatest common factor of 41224 and 2000.
8
What is the greatest common factor of 187397 and 2394?
133
Calculate the highest common factor of 16649987 and 47515.
731
What is the highest common factor of 1035612 and 1376?
172
What is the greatest common factor of 171852 and 25308?
12
What is the greatest common factor of 16447985 and 5?
5
Calculate the greatest common divisor of 625 and 265235.
5
What is the greatest common factor of 25640952 and 1104?
552
Calculate the greatest common divisor of 482145 and 75.
15
Calculate the greatest common divisor of 273813 and 321.
321
What is the highest common divisor of 49281571 and 46?
23
Calculate the highest common divisor of 5217805 and 2265.
755
Calculate the greatest common divisor of 2319 and 510285901.
773
Calculate the greatest common divisor of 13310079 and 3.
3
Calculate the highest common divisor of 620211340 and 2380.
2380
What is the highest common factor of 48 and 302518428?
12
Calculate the highest common factor of 7706475 and 3600.
225
What is the greatest common divisor of 14620419 and 15433?
671
What is the greatest common divisor of 16 and 75454504?
8
Calculate the highest common factor of 2042992 and 13986.
518
What is the greatest common divisor of 53312 and 1428595?
833
Calculate the highest common factor of 3776058 and 109373.
1793
What is the greatest common factor of 319773 and 975?
3
What is the greatest common divisor of 530538112 and 1664?
1664
Calculate the highest common factor of 1751592 and 7080.
1416
Calculate the greatest common factor of 4910 and 148475.
5
What is the highest common divisor of 5532 and 98589921?
1383
What is the highest common divisor of 9 and 337724379?
9
Calculate the greatest common divisor of 10 and 1393220.
10
What is the highest common divisor of 352 and 4722113?
11
What is the greatest common factor of 582 and 47428635?
291
Calculate the highest common factor of 8561 and 1118682992.
8561
Calculate the greatest common factor of 14845360 and 90.
10
What is the highest common divisor of 162504 and 7752978?
1098
What is the greatest common factor of 379824812 and 1041?
347
What is the greatest common divisor of 229468 and 512?
4
What is the greatest common divisor of 2226 and 1810788?
42
What is the highest common factor of 6936 and 4466076?
12
Calculate the highest common divisor of 89516 and 60536.
644
Calculate the greatest common factor of 7886520 and 4860.
180
Calculate the highest common divisor of 139917757 and 1295.
259
What is the highest common divisor of 956 and 1291276370?
478
What is the highest common factor of 66 and 23007336?
66
Calculate the greatest common divisor of 678 and 93718358.
226
What is the highest common factor of 5379145 and 10?
5
What is the greatest common factor of 3290209 and 39?
13
What is the greatest common divisor of 1407 and 2665348?
7
Calculate the greatest common divisor of 98 and 115690862.
98
Calculate the greatest common divisor of 4611 and 1799943.
87
What is the greatest common factor of 3387 and 9357?
3
What is the highest common divisor of 3352 and 10562990?
838
What is the greatest common factor of 54301072 and 917?
917
Calculate the greatest common divisor of 214710 and 59789.
17
Calculate the greatest common divisor of 52623362 and 33.
11
Calculate the highest common factor of 7 and 90275878.
7
Calculate the highest common divisor of 14 and 9817546.
2
Calculate the greatest common factor of 374487 and 129.
129
Calculate the highest common factor of 150299346 and 153.
51
What is the highest common factor of 11211733 and 559?
13
Calculate the highest common factor of 5967324 and 33.
33
Calculate the highest common factor of 123901800 and 1056.
264
Calculate the greatest common factor of 47852380 and 120.
20
What is the greatest common factor of 84 and 26344920?
84
Calculate the greatest common factor of 181225 and 7975.
275
What is the highest common factor of 13908 and 219600?
732
What is the highest common factor of 2088918 and 89609?
1469
Calculate the greatest common factor of 1110 and 105350470.
370
Calculate the highest common divisor of 264019